2336 and 64?
32
Calculate the highest common divisor of 18902 and 6.
2
What is the greatest common factor of 1071 and 3129?
21
What is the greatest common factor of 14911 and 341?
31
Calculate the greatest common divisor of 1358 and 1402814.
1358
Calculate the highest common divisor of 5850 and 2325.
75
What is the highest common factor of 29963 and 1743?
83
What is the greatest common divisor of 6308 and 10260?
76
What is the greatest common divisor of 12804 and 2178?
66
Calculate the greatest common factor of 9751 and 6169.
199
What is the highest common factor of 360 and 6280?
40
What is the greatest common divisor of 3564 and 684?
36
Calculate the greatest common factor of 625897 and 404.
101
Calculate the greatest common divisor of 4206240 and 120.
120
Calculate the highest common factor of 1547 and 1036.
7
What is the highest common divisor of 2286 and 371856?
762
What is the highest common divisor of 114 and 1159?
19
Calculate the greatest common divisor of 115972 and 112302.
734
What is the highest common factor of 840 and 53340?
420
What is the greatest common factor of 597 and 33?
3
Calculate the highest common divisor of 400 and 242600.
200
Calculate the highest common divisor of 1644534 and 18.
18
Calculate the highest common divisor of 1416 and 1103772.
708
What is the highest common factor of 857910 and 90?
30
What is the highest common factor of 270 and 1700?
10
Calculate the greatest common factor of 1326 and 19539.
39
What is the greatest common factor of 277 and 161?
1
Calculate the highest common divisor of 1500 and 52800.
300
What is the greatest common divisor of 2345 and 14539?
469
What is the highest common factor of 7 and 2935044?
7
What is the highest common factor of 176 and 4906?
22
What is the highest common factor of 36280 and 760?
40
What is the greatest common factor of 175 and 1510075?
175
What is the highest common divisor of 133 and 285247?
19
Calculate the greatest common divisor of 118 and 66257.
59
Calculate the highest common factor of 276067 and 99.
11
What is the highest common factor of 5320 and 2323510?
1330
What is the highest common divisor of 39246 and 124?
62
What is the greatest common divisor of 616 and 10824?
88
What is the highest common divisor of 2430 and 1755?
135
What is the greatest common factor of 132 and 1065?
3
Calculate the greatest common factor of 1118 and 69914.
26
Calculate the highest common divisor of 2 and 120570.
2
What is the greatest common factor of 96 and 77112?
24
What is the highest common divisor of 6 and 14631?
3
What is the highest common divisor of 141 and 329893?
47
Calculate the highest common divisor of 1826878 and 82.
82
What is the highest common factor of 1320 and 2728?
88
Calculate the highest common factor of 28524 and 3084.
12
What is the greatest common factor of 35772 and 8184?
132
What is the greatest common factor of 21962 and 32526?
278
Calculate the highest common factor of 27813 and 2409.
219
What is the greatest common factor of 32 and 3850048?
32
Calculate the highest common divisor of 192 and 19896.
24
Calculate the greatest common divisor of 20 and 410.
10
Calculate the greatest common factor of 1661 and 1293164.
151
What is the highest common divisor of 7548 and 135420?
444
What is the highest common divisor of 850 and 775?
25
What is the highest common divisor of 1117399 and 3635?
727
What is the highest common factor of 2016 and 1407?
21
Calculate the greatest common factor of 2947 and 15156.
421
What is the highest common factor of 173449 and 29?
29
What is the highest common factor of 2494 and 36464?
86
What is the greatest common factor of 416 and 63856?
208
What is the highest common factor of 5454 and 36158?
202
What is the greatest common divisor of 11990 and 990?
110
What is the highest common divisor of 2240 and 76580?
140
Calculate the highest common factor of 13826 and 24530.
446
What is the greatest common factor of 14 and 1778714?
14
Calculate the greatest common divisor of 6356 and 2268.
28
Calculate the highest common divisor of 60 and 394260.
60
Calculate the greatest common factor of 416 and 66016.
32
What is the greatest common divisor of 535 and 575339?
107
Calculate the greatest common factor of 13 and 2790775.
13
Calculate the highest common divisor of 5907 and 1419.
33
Calculate the highest common divisor of 3293 and 2759.
89
Calculate the highest common factor of 33 and 1437.
3
Calculate the highest common factor of 68359 and 1576.
197
Calculate the greatest common divisor of 1358940 and 3.
3
Calculate the highest common divisor of 516992 and 1408.
128
Calculate the greatest common factor of 346317 and 1205.
241
What is the highest common divisor of 93522 and 35178?
858
Calculate the highest common divisor of 63500 and 1016.
508
Calculate the greatest common divisor of 550 and 258775.
275
What is the highest common factor of 49340 and 20?
20
What is the greatest common factor of 88 and 28226?
22
Calculate the greatest common factor of 1869 and 260859.
267
Calculate the greatest common factor of 15211 and 19292.
371
What is the greatest common divisor of 249147 and 124?
31
What is the highest common factor of 9275 and 1155?
35
What is the greatest common factor of 10127 and 5681?
247
Calculate the greatest common divisor of 5 and 1312595.
5
Calculate the greatest common factor of 50558 and 34.
34
What is the greatest common divisor of 18857 and 35119?
173
What is the highest common divisor of 200 and 2285?
5
Calculate the highest common factor of 680 and 81600.
680
Calculate the highest common divisor of 725 and 313635.
145
What is the highest common divisor of 162976 and 8096?
352
Calculate the greatest common factor of 34202 and 98.
98
What is the greatest common factor of 502541 and 9331?
1333
What is the highest common divisor of 4941 and 1464?
183
What is the highest common factor of 385520 and 180?
20
What is the highest common divisor of 4707 and 126?
9
Calculate the greatest common factor of 9361 and 222.
37
Calculate the greatest common divisor of 4 and 8.
4
What is the highest common factor of 288 and 17262?
18
Calculate the greatest common factor of 5529 and 2394.
57
Calculate the highest common factor of 1807686 and 1044.
522
What is the highest common factor of 2192164 and 52?
52
Calculate the highest common factor of 92895 and 2508.
33
Calculate the greatest common factor of 3172 and 122.
122
Calculate the highest common factor of 534412 and 6504.
1084
Calculate the highest common divisor of 16984 and 37664.
88
What is the highest common factor of 1048712 and 1281?
427
What is the highest common divisor of 2772 and 210364?
308
Calculate the greatest common factor of 112 and 3262.
14
Calculate the greatest common factor of 1650 and 1775.
25
What is the greatest common divisor of 7271 and 396?
11
Calculate the highest common divisor of 12351 and 4833.
537
Calculate the greatest common divisor of 509157 and 99.
99
What is the greatest common divisor of 10835 and 111305?
985
Calculate the greatest common factor of 501 and 132.
3
Calculate the highest common divisor of 66 and 3014.
22
What is the greatest common factor of 330 and 521880?
30
What is the highest common factor of 1482714 and 9?
9
What is the highest common divisor of 9 and 6367860?
9
Calculate the highest common divisor of 9 and 9327.
3
What is the highest common divisor of 194 and 6912317?
97
What is the highest common divisor of 50808 and 1000?
8
Calculate the highest common factor of 352 and 4352.
32
Calculate the highest common divisor of 8244 and 30.
6
Calculate the highest common factor of 5985 and 893.
19
What is the highest common divisor of 29146 and 26668?
118
Calculate the greatest common divisor of 20601 and 15099.
21
Calculate the highest common factor of 368 and 1449598.
46
Calculate the greatest common factor of 10064 and 47952.
592
What is the highest common divisor of 808 and 65852?
404
Calculate the greatest common factor of 36530 and 24166.
562
What is the highest common factor of 205040 and 32?
16
What is the greatest common factor of 781 and 994?
71
Calculate the greatest common factor of 167067 and 99.
9
What is the greatest common divisor of 109760 and 175?
35
What is the highest common divisor of 930 and 241242?
186
What i